243 + 14?
-12225
In base 4, what is -2 - 133212120?
-133212122
In base 2, what is -1001111001010 + -11101?
-1001111100111
In base 12, what is 0 + -53731?
-53731
In base 13, what is 1c675 - -4?
1c679
In base 15, what is 2 + -31e6?
-31e4
In base 12, what is 516 - 3?
513
In base 13, what is -1 + -2b1ac?
-2b1b0
In base 4, what is -1013310 - 23?
-1013333
In base 2, what is -10110 + -11111101?
-100010011
In base 16, what is 0 - 668f2?
-668f2
In base 14, what is 4 - d43c?
-d438
In base 12, what is -898b + 7?
-8984
In base 9, what is 172 - -155?
337
In base 11, what is a253 + 189?
a431
In base 13, what is 6b5516 - 3?
6b5513
In base 3, what is 11220211 + 212210?
12210121
In base 16, what is -1 + -ec?
-ed
In base 7, what is -156130 - -52?
-156045
In base 16, what is -4 + -24ae?
-24b2
In base 14, what is -2c2a - 3?
-2c2d
In base 15, what is -177 - -2422?
229a
In base 6, what is -410330 - 1?
-410331
In base 6, what is 21115 - 140?
20535
In base 6, what is 125115 - 11?
125104
In base 6, what is -13220 - 2?
-13222
In base 13, what is 48538b - 4?
485387
In base 9, what is -163 - 12202?
-12365
In base 8, what is 24 - -24763?
25007
In base 7, what is -34464 + 423?
-34041
In base 2, what is -1 + 11011001000011?
11011001000010
In base 9, what is -764 + 58?
-705
In base 2, what is 1101 - 110100001111111?
-110100001110010
In base 13, what is -15 - -1cbca?
1cbb5
In base 3, what is -20102021102111 + 0?
-20102021102111
In base 12, what is 397529 + 3?
397530
In base 4, what is 3 - 3313233?
-3313230
In base 11, what is -3262 + 16?
-3247
In base 6, what is -14444 + 15?
-14425
In base 11, what is 0 - -13401?
13401
In base 9, what is 1225157 - -3?
1225161
In base 3, what is -112110210202 + 1?
-112110210201
In base 2, what is -11011110 - 101000000?
-1000011110
In base 8, what is 12561 + -57?
12502
In base 11, what is -23 + 53854?
53831
In base 16, what is 3e8 - 11c?
2cc
In base 8, what is -1255 - 1667?
-3144
In base 15, what is 190 + 69a?
83a
In base 15, what is 0 + 34480?
34480
In base 16, what is 324c - -14?
3260
In base 11, what is -4559 + 0?
-4559
In base 6, what is 5 - 343204?
-343155
In base 6, what is -3 - 3150003?
-3150010
In base 6, what is -12 - 153042?
-153054
In base 9, what is -115 - 2752?
-2867
In base 16, what is 60 + -27?
39
In base 7, what is 61652 + -11?
61641
In base 15, what is 0 + -c7d76?
-c7d76
In base 4, what is -100100122 + 12?
-100100110
In base 15, what is 16d1 + 21?
1702
In base 9, what is 766701 - 1?
766700
In base 10, what is 63202 - 3?
63199
In base 10, what is 156 + 35?
191
In base 9, what is -1 - -232385?
232384
In base 14, what is 8 + -357c?
-3574
In base 7, what is -202023 + -21?
-202044
In base 3, what is -1102 + 22100?
20221
In base 6, what is -122515 - -1314?
-121201
In base 7, what is 111 + 2525?
2636
In base 5, what is 1321 + 132?
2003
In base 14, what is 26a - -2?
26c
In base 4, what is -22023032 - 1022?
-22030120
In base 14, what is 63 + -231a?
-2297
In base 3, what is -1010200022 - -201?
-1010122121
In base 4, what is -10 + -20220020?
-20220030
In base 8, what is 215 + 207?
424
In base 3, what is -11 + -211001000?
-211001011
In base 7, what is -6 + -62440?
-62446
In base 7, what is 4 - 105054?
-105050
In base 15, what is -a44ad - 5?
-a44b3
In base 13, what is 32a0b5 - 3?
32a0b2
In base 3, what is 122 + 11220011012?
11220011211
In base 7, what is -415435 + 54?
-415351
In base 11, what is 5005 + -114?
49a1
In base 13, what is -4 + -5b871?
-5b875
In base 13, what is 1735c + 1?
17360
In base 2, what is -110101100 + 1011001?
-101010011
In base 7, what is 2 - 14331?
-14326
In base 10, what is -414284 - -1?
-414283
In base 16, what is 8 - 34b6?
-34ae
In base 10, what is -1008 + 1083?
75
In base 11, what is -132 - -833?
701
In base 7, what is 104003 + -2?
104001
In base 12, what is -23 + -455?
-478
In base 15, what is 0 + 20b5c?
20b5c
In base 14, what is -410 + -dd?
-50d
In base 3, what is 20101112 + 10010?
20111122
In base 5, what is 12 - -430323?
430340
In base 11, what is -4 + 6302?
62a9
In base 3, what is -1220122201200 - -1?
-1220122201122
In base 2, what is 100010111010001000 - 0?
100010111010001000
In base 4, what is -10201110 - -32?
-10201012
In base 14, what is -35ba5c + -5?
-35ba63
In base 9, what is 4164 - -3?
4167
In base 7, what is 614 - -26023?
26640
In base 9, what is -731 - 67?
-808
In base 9, what is -100437 - -27?
-100410
In base 7, what is 23 - 3635?
-3612
In base 8, what is 1401 - 10?
1371
In base 3, what is -1112001201 + 1122?
-1112000002
In base 8, what is -72743 + -20?
-72763
In base 6, what is -104 - 3540?
-4044
In base 5, what is 1 + 404420?
404421
In base 16, what is -4 - 3570?
-3574
In base 12, what is -3 + -3523?
-3526
In base 5, what is 4 + -41124?
-41120
In base 3, what is -212212111 + -12?
-212212200
In base 10, what is -15625 - 0?
-15625
In base 15, what is 4bc9 - 3?
4bc6
In base 12, what is -6 + -24ab?
-24b5
In base 8, what is -260726 + -1?
-260727
In base 4, what is 30311002 - 11?
30310331
In base 13, what is -6 + 4b09a?
4b094
In base 14, what is -2 - -22cba0?
22cb9c
In base 13, what is -31454 - 2?
-31456
In base 8, what is 1 - -1655024?
1655025
In base 4, what is 103220 - -202?
110022
In base 4, what is -11 - 101033100?
-101033111
In base 5, what is -143 - -20444?
20301
In base 12, what is 117070 - 4?
117068
In base 11, what is 4 - -7071?
7075
In base 13, what is 6246 + -79?
619a
In base 10, what is 22101 - 1?
22100
In base 13, what is c09 + -291?
948
In base 4, what is -20 + -30021020?
-30021100
In base 10, what is 24 + 79752?
79776
In base 15, what is 31 - -62a?
65b
In base 8, what is 7 - -37531?
37540
In base 4, what is 32020 - -21031?
113111
In base 15, what is 1eb - 1461?
-1265
In base 11, what is -1 - -84?
83
In base 14, what is 3a4 + 20?
3c4
In base 11, what is 3 - 289525?
-289522
In base 10, what is 10 - 648?
-638
In base 5, what is 1314043 - -22?
1314120
In base 3, what is 10 + 201111001?
201111011
In base 10, what is -4573 - 7?
-4580
In base 13, what is -9 + -2401?
-240a
In base 13, what is 578 - -1c?
597
In base 14, what is -1 + -25a6d?
-25a70
In base 7, what is 21 + -65110?
-65056
In base 12, what is -1164 + -223?
-1387
In base 11, what is 180 - 350?
-180
In base 12, what is 17a49 + -8?
17a41
In base 16, what is 26e9 - 4?
26e5
In base 4, what is -3223233 + -3?
-3223302
In base 8, what is -113407 + 125?
-113262
In base 3, what is 21001 - 122?
20102
In base 16, what is -4 + 42e22?
42e1e
In base 14, what is -1 - -95bab?
95baa
In base 10, what is 25 + 2679?
2704
In base 15, what is -815c6 + -1?
-815c7
In base 13, what is -51081 - 3?
-51084
In base 3, what is 12 - 121202110110?
-121202110021
In base 8, what is 105 + 504?
611
In base 9, what is 6058 - -1?
6060
In base 4, what is -333233 + 30?
-333203
In base 3, what is -22 - 222202?
-1000001
In base 3, what is 1100210 - -210?
1101120
In base 8, what is -1055516 + 1?
-1055515
In base 10, what is -263 + -719?
-982
In base 6, what is -1422 + -103?
-1525
In base 11, what is -2 - -11074?
11072
In base 11, what is -34701 - 3?
-34704
In base 12, what is -586 + -41?
-607
In base 4, what is 2030 - -1120?
3210
In base 16, what is -3a - 362?
-39c
In base 2, what is 110110111011011 - 110?
110110111010101
In base 8, what is -2751 - -54?
-2675
In base 15, what is -4 + 60cc3?
60cbe
In base 15, what is 1c7 - -266?
43d
In base 11, what is 237585 + 2?
237587
In base 11, what is -220 + 13?
-208
In base 3, what is -1 - 220211011020?
-220211011021
In base 12, what is -246445 - -1?
-246444
In base 9, what is -5 - -1582113?
1582107
In base 14, what is -316 + -32d?
-645
In base 12, what is 2826 + 29?
2853
In base 2, what is -10101111 + -1011100010?
-1110010001
In base 15, what is 129ebc - 1?
129ebb
In base 13, what is 0 - -69b95?
69b95
In base 15, what is 867 + 18?
880
In base 3, what is -21 + 1220221?
1220200
In base 10, what is 4 - -259744?
259748
In base 16, what is -b8f - -7?
-b88
In base 9, what is -63777 - 5?
-63783
In base 15, what is -e7d9 - -7?
-e7d2
In base 16, what is -25 + -c18?
-c3d
In base 13, what is -81149 - a?
-81156
In base 7, what is 243 - 250?
-4
In base 5, what is 2 + 1310012?
1310014
In base 4, what is 210 + -2232220?
-2232010
In base 8, what is -5 + -133017?
-133024
In base 7, what is -5342241 + -3?
-5342244
In base 4, what is 11 - -3111122?
311